factors of b?
2, 31
Suppose -2*o - 6 = -o + 2*q, -3*o - 18 = -5*q. Let p be o/(-1 - -1 - 6/(-18)). Let v(f) = f**2 + 14*f - 27. List the prime factors of v(p).
3, 5
Let s(j) = 7*j - 89. Let g be s(13). Suppose w + 458 = 5*v, 5*w + 12 + 185 = g*v. List the prime factors of v.
7, 13
Let j(z) = -869*z + 1. Let i be j(-1). Let g be ((-6)/(-10))/(6/i). List the prime factors of g + 0 + 17 + -16.
2, 11
Let k = 12571 + -6432. List the prime factors of k.
7, 877
Suppose -g + 4*s + 18 = 0, 0 = 3*g - 6*g + 3*s + 27. Let m(n) = 257*n - 29. What are the prime factors of m(g)?
17, 89
Let x be (-4)/(-5) - 1 - (-11)/5. List the prime factors of x/(-7) - 29280/(-70).
2, 11, 19
Let t be (-12)/20 + 26/10. Let y be (-1 + (9 - 4))/(4/(-14)). List the prime factors of (t + y)*(2 - (1 + 2)).
2, 3
Let u = -2107 - -4571. Suppose 5*s + 145 = -t + 770, 0 = 4*t + 2*s - u. List the prime factors of t.
3, 5, 41
Suppose -203*v - 60 = -215*v. Suppose 0*l - 8616 = -v*f + 3*l, -2*l = -5*f + 8619. What are the prime factors of f?
3, 5, 23
Suppose -1454 + 222 = 11*m. What are the prime factors of (-32)/m - (-6926)/14?
3, 5, 11
Let u(m) = m**2 + 18*m + 32. Let l be u(-16). Suppose i - 28 = -l. List the prime factors of i.
2, 7
Let n be (0 + -3)/((-12)/16). Let y be (-66)/9*(-6)/n. What are the prime factors of y + -2 + 4 + 1?
2, 7
Suppose 9*b = 8*b - 7. Let x(c) = -3*c - 39*c**2 + 41*c**2 - 4 + 5*c + 3. List the prime factors of x(b).
83
List the prime factors of (-7 + -40 + 6)/((-3)/5055).
5, 41, 337
Let w(g) = 53*g + 9*g**3 - 97*g - 31 - 8*g**3 - 30*g**2. List the prime factors of w(32).
3, 7, 29
Suppose -4*d = 3*v - 7794, -117*v + 114*v = -6. List the prime factors of d.
3, 11, 59
Let c be -4*(-3)/6 - (-60)/(-5). Let s be 6/(-4) + 1 - 275/c. Let a = s + 146. List the prime factors of a.
173
Let r = -1357 - -3284. What are the prime factors of r?
41, 47
Let u = 235 - 118. Suppose o + u + 2656 = 4*y, y = 5*o + 698. What are the prime factors of y?
3, 7, 11
Suppose 21296 = 14*s - 46114. List the prime factors of s.
3, 5, 107
Suppose -226*c + 6537064 = -74*c. What are the prime factors of c?
29, 1483
List the prime factors of 17125/(-50)*-8 + (-7)/(-1).
41, 67
Let w = 53 - 63. Let v = 30 + w. List the prime factors of v.
2, 5
What are the prime factors of (33150 - (8 - 3)) + 0 - (-12 + 5)?
2, 7, 37
Let u(c) be the first derivative of c**3/3 - c**2 - 34*c - 24. Let s be u(-5). List the prime factors of 3 + 290 - s - 3*-1.
5, 59
Let k = 6987 - 4256. Suppose k = 12*g + 499. Suppose 5*m = 3*m + g. List the prime factors of m.
3, 31
Let v(t) = -2*t + 24. Let o be v(12). Suppose -5*d + d = o. Suppose -3*y + 6 = d, 2*f - 4*y = 4*f - 24. What are the prime factors of f?
2
Suppose -10*s - o = -12*s + 12144, 0 = s - o - 6075. What are the prime factors of s?
3, 7, 17
What are the prime factors of (37 - 48) + 5114 + 0?
3, 7
Let q(h) = -h**2 + 9. Let b be q(3). Suppose 3*i + 158 = -f + 532, b = -4*i + 3*f + 503. What are the prime factors of i?
5
Let l(q) = -1213*q - 39. Let t be l(1). What are the prime factors of (25 + t)/(1 + -4)?
409
Suppose -o - 4*p + 16 = 0, 2*o + 0*o - p = 5. Suppose 2*n + 9*v - o*v - 735 = 0, -n + 5*v = -360. List the prime factors of n.
5, 73
Let k(c) = 114*c**2 - 51*c + 347. What are the prime factors of k(9)?
2, 4561
Suppose 2*x + 0 = 6, -4*n + 2637 = -x. Suppose 24*a + 7558 = -3098. Let m = a + n. List the prime factors of m.
2, 3
Let s(p) be the first derivative of 4*p**3/3 + 5*p**2 + 9*p - 182. List the prime factors of s(-16).
3, 97
Suppose 90 = 6*k - 3*k. Let c be (-9)/((k/(-4))/(-5)). Let n = c + 13. List the prime factors of n.
7
Let w(h) = 8792*h**2 + 2*h + 3. What are the prime factors of w(-1)?
3, 977
Suppose -2*o = -5*y - 6846, -422*y + 417*y + 6826 = 2*o. What are the prime factors of o?
2, 1709
Let c = -2 + 2. Let f(n) = -6*n - 34. Let s be f(c). Let v = 11 - s. What are the prime factors of v?
3, 5
Suppose 2*c - 64 = 5*j, j = -3*c - 2*j + 54. Suppose 5*s = 4*b + 21, -5*b - 4 = -4*s + 11. Let o = c - b. What are the prime factors of o?
3, 7
Let l(y) = -8*y**2 - 637*y - 90. What are the prime factors of l(-43)?
7, 1787
Let k be 1*2*(-128 + 1 + -6). Let d = k + 914. List the prime factors of d.
2, 3
List the prime factors of 33/((564/(-16928))/(-47)).
2, 11, 23
Let y(b) = -b**3 - 24*b**2 - 33*b - 2. Let w be y(-23). Suppose -w = -5*c + 267. List the prime factors of c.
3, 11
Suppose 1790 = -10*v - 0*v. Let m = 510 + v. List the prime factors of m.
331
Suppose 299747 = 10*h - 209273. List the prime factors of h.
2, 31, 821
Let z be -5 + (-9164)/(-20) + (-8)/(-10). Let f = z + -132. List the prime factors of f.
2, 7, 23
Let y = -133 + 133. Suppose y = 2*u - 459 - 455. List the prime factors of u.
457
Let m(l) = -l**3 + 9*l**2 - 15*l + 64. Let n be m(8). Suppose -2*t + n = 2*d - 56, 0 = -4*d + 2*t + 122. List the prime factors of d.
31
Suppose 0 = -4*z - m + 71599, -179*z + 182*z + m = 53700. What are the prime factors of z?
7, 2557
List the prime factors of (-592)/(-1480) - 457/10*-148.
2, 19, 89
Suppose -107*x = -109*x - 5*u + 101032, 7*u = 3*x - 151490. List the prime factors of x.
2, 25253
Let d(q) = -q**2 + 4*q + 16. Let t be d(6). Suppose -t*f + 582 = 2*f. Let u = f - 61. List the prime factors of u.
2, 3
List the prime factors of (2/(-8))/(26/2012712*-3).
6451
Let p(a) = a**3 - 10*a**2 + 5*a - 19. Let d = 11 - 2. Let c be p(d). Let x = c + 109. What are the prime factors of x?
2, 3
Suppose 0 = 9*h - 0. Let o be ((-20)/(-12))/(3/27). Suppose -j + 32 + o = h. What are the prime factors of j?
47
Suppose 3061*y = 3031*y + 1420320. What are the prime factors of y?
2, 11, 269
Let q(t) = 5*t**3 - t**2 - 9*t - 4. Let g be q(4). Let c = g - -129. What are the prime factors of c?
3, 131
Let o be -1*(6 - 5) - -43. Let h = o + 13. What are the prime factors of h?
5, 11
Let n(b) = 0*b**2 + 5*b - b**3 - 6 - 11*b**2 - 4*b**2. What are the prime factors of n(-16)?
2, 5, 17
Let m = -15807 - -18601. What are the prime factors of m?
2, 11, 127
What are the prime factors of -2 - (11/231*-6 - 59778/7)?
2, 3, 1423
Suppose -3469 = -3*w - 5*h, 5*w - h - 8740 + 2949 = 0. Suppose w = 6*i - 1194. List the prime factors of i.
2, 7
What are the prime factors of (-14)/(-112) - 370287/(-8) - (4 + 3)?
46279
Let t(y) = -3*y**2 + y - 14. Suppose 0 = -0*j - 5*j. Let u be t(j). What are the prime factors of 2*(u/4)/(-7) - -115?
2, 29
List the prime factors of 3816*(-5 + 56/12)*(1 - 5).
2, 3, 53
Let k = 31723 - -19704. List the prime factors of k.
51427
Suppose 4*w - v + 3*v = -66, 5*w = -v - 90. What are the prime factors of (w + (-143)/(-11))/(6/(-340))?
2, 5, 17
Suppose 262 = -q + 3*m, 3*q + 2*q + 1330 = -5*m. Let y = q - -434. List the prime factors of y.
13
Let z(y) = 15*y - 7. Let g(w) = w**3 + 12*w**2 + 7*w + 6. Let h be g(-3). Let v = 81 - h. What are the prime factors of z(v)?
2, 109
Let z = -245 + 914. Let u = z - 403. What are the prime factors of u?
2, 7, 19
List the prime factors of (0 - 2/(-6))/((-460)/(-27452340)).
3, 19, 349
Let y be 7 + 143/(-55) + (-2)/5. Suppose -y*j - 82 = -582. Let n = j - 6. List the prime factors of n.
7, 17
Suppose -3*c = 3*n - 30333, n = 24*c - 22*c - 20234. List the prime factors of c.
5, 7, 17
Let v be (-4 - -9 - 5)/((-4)/2). Suppose v = -5*p + 6*p - 112. Suppose p + 63 = l. List the prime factors of l.
5, 7
Suppose 75 = 19*x - 16*x. Suppose 7*b + 17 = -x. List the prime factors of (-93)/((-15)/22 + b/(-33)).
2, 3, 31
Let n(j) = 8*j**3 + 10*j**2 - 17*j + 61. What are the prime factors of n(8)?
59, 79
Let o(r) = -r**3 - 8*r**2 + 10*r + 18. Let a be o(-9). Suppose a*n - 98 = -35. Suppose 0 = n*s - 9*s + 120. What are the prime factors of s?
2, 3, 5
Let n(u) = 47*u - 61 + 54 + 158*u - 111. List the prime factors of n(7).
3, 439
Suppose -8*b + 1365984 = 6*b + 88*b. What are the prime factors of b?
2, 3, 31
What are the prime factors of (2 - -2852) + 28/(-2)?
2, 5, 71
Let h = -55 + 51. What are the prime factors of 340/(-15)*(h - -1)?
2, 17
Let x = 179 - 137. Suppose -420 = x*l - 46*l. List the prime factors of l.
3, 5, 7
Suppose -5*x - 2*m + 0*m = 56, -5*m = 3*x + 26. Let u be 2/(-3) + (-32)/x. Suppose w + n - 590 = -u*w, -3*w + 593 = -2*n. List the prime factors of w.
197
Suppose -o = 2, 3*l = 7*l - o - 390. Let v = l - 58. Let d = -15 + v.